oes 1252 divide 511322461?
False
Is 4 a factor of 363398570?
False
Is 19588548 a multiple of 483?
True
Is 526055246 a multiple of 287?
False
Is 147494360 a multiple of 104?
True
Is 35291227 a multiple of 34?
False
Is 52 a factor of 892412767?
False
Is 648784880 a multiple of 28?
False
Does 1958 divide 23756414?
True
Does 1745 divide 151471044?
False
Is 55614094 a multiple of 3?
False
Is 152164526 a multiple of 639?
False
Does 5275 divide 1123000514?
False
Does 64 divide 38687744?
True
Does 25 divide 580980198?
False
Is 617 a factor of 889738368?
False
Is 786 a factor of 588922604?
False
Is 8942624 a multiple of 27?
False
Is 73450294 a multiple of 317?
False
Is 330358584 a multiple of 29?
False
Does 366 divide 218320400?
False
Is 46106972 a multiple of 122?
True
Is 7140315 a multiple of 16?
False
Is 113 a factor of 1259837862?
False
Is 79 a factor of 6674639?
False
Is 102426443 a multiple of 3?
False
Is 13441071 a multiple of 201?
True
Is 11 a factor of 42531975?
False
Is 280 a factor of 703776080?
True
Is 11 a factor of 324401680?
False
Does 362 divide 104583972?
True
Is 114 a factor of 1805701062?
True
Does 1467 divide 4264947358?
False
Is 72 a factor of 166006656?
True
Is 285 a factor of 25840463?
False
Does 472 divide 4545595?
False
Does 94 divide 592735330?
True
Is 6790 a factor of 1754898291?
False
Is 544035824 a multiple of 29?
True
Is 714653163 a multiple of 63?
True
Is 25894467 a multiple of 276?
False
Is 2709 a factor of 61071696?
True
Does 792 divide 45166352?
False
Is 460 a factor of 116535343?
False
Is 61 a factor of 358824098?
False
Is 5613 a factor of 710181709?
False
Is 177368009 a multiple of 137?
True
Is 68644226 a multiple of 133?
True
Is 3352493904 a multiple of 142?
True
Is 797 a factor of 31423706?
False
Is 71 a factor of 4137417?
False
Does 21 divide 43925316?
False
Does 2 divide 140543984?
True
Is 57193256 a multiple of 223?
True
Is 43 a factor of 387137309?
False
Is 2560 a factor of 73075050?
False
Is 12 a factor of 11538388?
False
Is 503 a factor of 432238966?
True
Is 12044 a factor of 2986538006?
False
Is 59406469 a multiple of 139?
False
Does 42 divide 11118534?
True
Is 595 a factor of 245784980?
True
Is 48328381 a multiple of 13?
False
Does 752 divide 68985242?
False
Is 973 a factor of 50106983?
False
Is 662 a factor of 36938938?
True
Is 82 a factor of 2762092?
False
Does 57 divide 22724074?
False
Is 14 a factor of 947144030?
True
Is 239 a factor of 137984788?
False
Does 23 divide 110688995?
True
Is 59 a factor of 326587184?
True
Is 6 a factor of 48008885?
False
Does 76 divide 289221067?
False
Is 1033110364 a multiple of 121?
False
Is 3025946 a multiple of 401?
True
Does 30 divide 62360640?
True
Is 927348404 a multiple of 274?
False
Does 49 divide 428007031?
False
Does 33 divide 26129136?
True
Is 29 a factor of 28909208?
False
Is 406219860 a multiple of 54?
True
Is 94462979 a multiple of 13?
True
Is 492676682 a multiple of 74?
True
Is 104345987 a multiple of 231?
False
Is 12 a factor of 173246460?
True
Does 790 divide 281443030?
True
Does 12 divide 326896894?
False
Is 688665666 a multiple of 108?
False
Is 94780447 a multiple of 23?
True
Is 225243 even?
False
Is 388 a factor of 575352310?
False
Is 50011614 a multiple of 46?
True
Is 3048418151 a multiple of 10598?
False
Is 36 a factor of 6559369?
False
Is 1064010257 a multiple of 229?
True
Is 9 a factor of 621927?
True
Does 15 divide 96996400?
False
Is 5923118958 a multiple of 35?
False
Is 177951900 a multiple of 105?
True
Is 1686 a factor of 358522275?
False
Is 1184 a factor of 157625920?
True
Is 109054002 a multiple of 20?
False
Does 246 divide 4709531502?
True
Does 74 divide 84165550?
False
Does 84 divide 943031307?
False
Is 70781404 a multiple of 222?
False
Is 594718284 a multiple of 218?
False
Is 2043 a factor of 68452758?
True
Does 1549 divide 109032334?
False
Does 75 divide 7189050?
True
Is 6416 a factor of 715849851?
False
Is 158 a factor of 66932636?
False
Does 72 divide 117551346?
False
Is 807 a factor of 3605676?
True
Is 51 a factor of 76041816?
True
Is 282337650 a multiple of 180?
False
Is 1348 a factor of 499757520?
True
Is 19571862 a multiple of 2009?
False
Is 5 a factor of 1976643?
False
Does 159 divide 2317861?
False
Does 31 divide 839464?
False
Does 86 divide 17188648?
True
Is 3835850812 a multiple of 26?
False
Does 42 divide 19462987?
False
Is 263 a factor of 2277625236?
True
Is 300 a factor of 2751179?
False
Is 19 a factor of 170816555?
True
Is 36 a factor of 2228681009?
False
Is 10744392 a multiple of 4?
True
Does 1950 divide 220466996?
False
Is 154539684 a multiple of 1404?
True
Does 16 divide 14127824?
True
Is 122415542 a multiple of 94?
True
Is 1758 a factor of 1081828244?
False
Is 19 a factor of 214591925?
False
Does 98 divide 59320478?
True
Is 57 a factor of 1286889?
True
Is 112212806 a multiple of 28?
False
Does 12 divide 168101676?
True
Is 262189092 a multiple of 212?
True
Is 68523684 a multiple of 12?
True
Does 22 divide 3349155588?
False
Does 4 divide 10637322?
False
Is 458501340 a multiple of 107?
False
Is 783224982 a multiple of 377?
False
Is 300638914 a multiple of 34?
True
Is 122 a factor of 7565020?
False
Is 5 a factor of 85291776?
False
Does 5 divide 99125895?
True
Is 27848733 a multiple of 33?
True
Is 164621664 a multiple of 119?
False
Is 23506240 a multiple of 16?
True
Is 12 a factor of 220189044?
True
Does 20 divide 2541260?
True
Is 50359848 a multiple of 833?
True
Is 227516302 a multiple of 1182?
False
Is 27397894 a multiple of 386?
True
Is 805 a factor of 150978555?
True
Does 13 divide 57597176?
True
Is 75 a factor of 46747650?
True
Is 3 a factor of 30956515?
False
Is 11 a factor of 1948305755?
True
Is 796 a factor of 5634088?
True
Is 149300039 a multiple of 973?
True
Does 2475 divide 821237175?
True
Does 566 divide 181405170?
False
Is 36450210 a multiple of 2211?
False
Is 449961954 a multiple of 13?
True
Is 340 a factor of 968007781?
False
Is 952491595 a multiple of 11?
True
Does 34 divide 766564510?
True
Does 6 divide 2271691742?
False
Does 149 divide 1397041963?
False
Does 1937 divide 5869552?
False
Is 99119400 a multiple of 16?
False
Is 3235717573 a multiple of 9?
False
Is 13 a factor of 855561148?
True
Is 56096207 a multiple of 4250?
False
Is 21 a factor of 17914491?
True
Is 238258262 a multiple of 10?
False
Is 1960 a factor of 184998520?
True
Is 122 a factor of 391637452?
False
Is 290 a factor of 58645998?
False
Does 2263 divide 78709166?
False
Is 292394800 a multiple of 76?
True
Does 5332 divide 122138748?
False
Is 28 a factor of 232209208?
True
Is 18 a factor of 180248940?
True
Is 701 a factor of 2167491299?
True
Does 17 divide 236086685?
False
Does 8 divide 199780558?
False
Is 6954685 a multiple of 23?
False
Is 220 a factor of 3236420?
True
Is 19 a factor of 20355574?
True
Does 100 divide 172603200?
True
Does 6089 divide 244562650?
False
Does 4 divide 42118685?
False
Is 8 a factor of 98201514?
False
Does 46 divide 34377579?
False
Is 2188848 a multiple of 25?
False
Is 3 a factor of 26787004?
False
Is 11010301 a multiple of 2294?
False
Is 13111128 a multiple of 10?
False
Is 2717192299 a multiple of 5783?
False
Does 252 divide 78958152?
True
Is 1266 a factor of 1336540968?
False
Is 4287063976 a multiple of 1066?
True
Is 4285 a factor of 261972045?
True
Does 13 divide 99353075?
False
Is 36040191 a multiple of 11?
True
Is 478 a factor of 28975784?
False
Is 70687297 a multiple of 84?
False
Is 69 a factor of 981594?
True
Is 156752787 a multiple of 2171?
False
Is 96896196 a multiple of 6?
True
Is 205865 a multiple of 11?
True
Does 704 divide 17521327?
False
Is 73473592 a multiple of 83?
True
Is 1945384 a multiple of 50?
False
Is 43 a factor of 6909919?
False
Is 34 a factor of 15040719?
False
Is 289 a factor of 1399845277?
False
Is 351503802 a multiple of 414?
True
Does 15 divide 135767490?
True
Is 11 a factor of 362205591?
True
Is 1886 a factor of 70157314?
True
Does 31 divide 32934181?
False
Is 223229734 a multiple of 3561?
False
Is 199 a factor of 1431308786?
False
Is 4470617 a multiple of 104?
False
Is 55416390 a multiple of 30?
True
Is 140 a factor of 664719020?
True
Does 22 divide 4060870?
True
Does 575 divide 171536918?
False
Is 1996 a factor of 225349417?
False
Is 1523521877 a multiple of 1095?
False
Is 113195335 a 